[INFO] fetching crate libaom-sys 0.9.1...
[INFO] building libaom-sys-0.9.1 against master#ff34b919075f35a1787659e9c448a34b06bab8de for issue-85264
[INFO] extracting crate libaom-sys 0.9.1 into /workspace/builds/worker-15/source
[INFO] validating manifest of crates.io crate libaom-sys 0.9.1 on toolchain ff34b919075f35a1787659e9c448a34b06bab8de
[INFO] running `Command { std: "/workspace/cargo-home/bin/cargo" "+ff34b919075f35a1787659e9c448a34b06bab8de" "metadata" "--manifest-path" "Cargo.toml" "--no-deps", kill_on_drop: false }`
[INFO] started tweaking crates.io crate libaom-sys 0.9.1
[INFO] finished tweaking crates.io crate libaom-sys 0.9.1
[INFO] tweaked toml for crates.io crate libaom-sys 0.9.1 written to /workspace/builds/worker-15/source/Cargo.toml
[INFO] running `Command { std: "/workspace/cargo-home/bin/cargo" "+ff34b919075f35a1787659e9c448a34b06bab8de" "generate-lockfile" "--manifest-path" "Cargo.toml" "-Zno-index-update", kill_on_drop: false }`
[INFO] running `Command { std: "/workspace/cargo-home/bin/cargo" "+ff34b919075f35a1787659e9c448a34b06bab8de" "fetch" "--manifest-path" "Cargo.toml", kill_on_drop: false }`
[INFO] [stderr]     Blocking waiting for file lock on package cache
[INFO] running `Command { std: "docker" "create" "-v" "/var/lib/crater-agent-workspace/builds/worker-15/target:/opt/rustwide/target:rw,Z" "-v" "/var/lib/crater-agent-workspace/builds/worker-15/source:/opt/rustwide/workdir:ro,Z" "-v" "/var/lib/crater-agent-workspace/cargo-home:/opt/rustwide/cargo-home:ro,Z" "-v" "/var/lib/crater-agent-workspace/rustup-home:/opt/rustwide/rustup-home:ro,Z" "-e" "SOURCE_DIR=/opt/rustwide/workdir" "-e" "CARGO_TARGET_DIR=/opt/rustwide/target" "-e" "CARGO_HOME=/opt/rustwide/cargo-home" "-e" "RUSTUP_HOME=/opt/rustwide/rustup-home" "-w" "/opt/rustwide/workdir" "-m" "1610612736" "--user" "0:0" "--network" "none" "ghcr.io/rust-lang/crates-build-env/linux@sha256:20528e8c29e4536546f0102ce88568b16ea7538393a33fcca951030f7af10457" "/opt/rustwide/cargo-home/bin/cargo" "+ff34b919075f35a1787659e9c448a34b06bab8de" "metadata" "--no-deps" "--format-version=1", kill_on_drop: false }`
[INFO] [stdout] 1255f85bea8d6641939379d570928ba3a68316e215728eac204debc3f524271f
[INFO] [stderr] WARNING: Your kernel does not support swap limit capabilities or the cgroup is not mounted. Memory limited without swap.
[INFO] running `Command { std: "docker" "start" "-a" "1255f85bea8d6641939379d570928ba3a68316e215728eac204debc3f524271f", kill_on_drop: false }`
[INFO] running `Command { std: "docker" "inspect" "1255f85bea8d6641939379d570928ba3a68316e215728eac204debc3f524271f", kill_on_drop: false }`
[INFO] running `Command { std: "docker" "rm" "-f" "1255f85bea8d6641939379d570928ba3a68316e215728eac204debc3f524271f", kill_on_drop: false }`
[INFO] [stdout] 1255f85bea8d6641939379d570928ba3a68316e215728eac204debc3f524271f
[INFO] running `Command { std: "docker" "create" "-v" "/var/lib/crater-agent-workspace/builds/worker-15/target:/opt/rustwide/target:rw,Z" "-v" "/var/lib/crater-agent-workspace/builds/worker-15/source:/opt/rustwide/workdir:ro,Z" "-v" "/var/lib/crater-agent-workspace/cargo-home:/opt/rustwide/cargo-home:ro,Z" "-v" "/var/lib/crater-agent-workspace/rustup-home:/opt/rustwide/rustup-home:ro,Z" "-e" "SOURCE_DIR=/opt/rustwide/workdir" "-e" "CARGO_TARGET_DIR=/opt/rustwide/target" "-e" "CARGO_INCREMENTAL=0" "-e" "RUST_BACKTRACE=full" "-e" "RUSTFLAGS=--cap-lints=forbid" "-e" "CARGO_HOME=/opt/rustwide/cargo-home" "-e" "RUSTUP_HOME=/opt/rustwide/rustup-home" "-w" "/opt/rustwide/workdir" "-m" "1610612736" "--user" "0:0" "--network" "none" "ghcr.io/rust-lang/crates-build-env/linux@sha256:20528e8c29e4536546f0102ce88568b16ea7538393a33fcca951030f7af10457" "/opt/rustwide/cargo-home/bin/cargo" "+ff34b919075f35a1787659e9c448a34b06bab8de" "build" "--frozen" "--message-format=json", kill_on_drop: false }`
[INFO] [stdout] de9414e6a953c40f882d63f02a61982bc4c5296f4b0c758bedd2346f44df56ac
[INFO] [stderr] WARNING: Your kernel does not support swap limit capabilities or the cgroup is not mounted. Memory limited without swap.
[INFO] running `Command { std: "docker" "start" "-a" "de9414e6a953c40f882d63f02a61982bc4c5296f4b0c758bedd2346f44df56ac", kill_on_drop: false }`
[INFO] [stderr]    Compiling libaom-sys v0.9.1 (/opt/rustwide/workdir)
[INFO] [stderr] error: failed to run custom build command for `libaom-sys v0.9.1 (/opt/rustwide/workdir)`
[INFO] [stderr] 
[INFO] [stderr] Caused by:
[INFO] [stderr]   process didn't exit successfully: `/opt/rustwide/target/debug/build/libaom-sys-8e607223a489eb36/build-script-build` (exit status: 101)
[INFO] [stderr]   --- stdout
[INFO] [stderr]   running: "cmake" "/opt/rustwide/workdir/vendor" "-DENABLE_DOCS=0" "-DENABLE_EXAMPLES=0" "-DENABLE_TESTDATA=0" "-DENABLE_TESTS=0" "-DENABLE_TOOLS=0" "-DCMAKE_INSTALL_PREFIX=/opt/rustwide/target/debug/build/libaom-sys-04b3969157f774da/out" "-DCMAKE_C_FLAGS= -ffunction-sections -fdata-sections -fPIC -m64" "-DCMAKE_C_COMPILER=/usr/bin/cc" "-DCMAKE_CXX_FLAGS= -ffunction-sections -fdata-sections -fPIC -m64" "-DCMAKE_CXX_COMPILER=/usr/bin/c++" "-DCMAKE_ASM_FLAGS= -ffunction-sections -fdata-sections -fPIC -m64" "-DCMAKE_ASM_COMPILER=/usr/bin/cc" "-DCMAKE_BUILD_TYPE=Release"
[INFO] [stderr]   -- The C compiler identification is GNU 9.3.0
[INFO] [stderr]   -- The CXX compiler identification is GNU 9.3.0
[INFO] [stderr]   -- Check for working C compiler: /usr/bin/cc
[INFO] [stderr]   -- Check for working C compiler: /usr/bin/cc -- works
[INFO] [stderr]   -- Detecting C compiler ABI info
[INFO] [stderr]   -- Detecting C compiler ABI info - done
[INFO] [stderr]   -- Detecting C compile features
[INFO] [stderr]   -- Detecting C compile features - done
[INFO] [stderr]   -- Check for working CXX compiler: /usr/bin/c++
[INFO] [stderr]   -- Check for working CXX compiler: /usr/bin/c++ -- works
[INFO] [stderr]   -- Detecting CXX compiler ABI info
[INFO] [stderr]   -- Detecting CXX compiler ABI info - done
[INFO] [stderr]   -- Detecting CXX compile features
[INFO] [stderr]   -- Detecting CXX compile features - done
[INFO] [stderr]   -- Found Git: /usr/bin/git (found version "2.25.1") 
[INFO] [stderr]   -- Found Perl: /usr/bin/perl (found version "5.30.0") 
[INFO] [stderr]   -- Looking for pthread.h
[INFO] [stderr]   -- Looking for pthread.h - found
[INFO] [stderr]   -- Performing Test CMAKE_HAVE_LIBC_PTHREAD
[INFO] [stderr]   -- Performing Test CMAKE_HAVE_LIBC_PTHREAD - Failed
[INFO] [stderr]   -- Looking for pthread_create in pthreads
[INFO] [stderr]   -- Looking for pthread_create in pthreads - not found
[INFO] [stderr]   -- Looking for pthread_create in pthread
[INFO] [stderr]   -- Looking for pthread_create in pthread - found
[INFO] [stderr]   -- Found Threads: TRUE  
[INFO] [stderr]   -- Performing Test C_TEST_COMPILED
[INFO] [stderr]   -- Performing Test C_TEST_COMPILED - Success
[INFO] [stderr]   -- Performing Test CXX_TEST_COMPILED
[INFO] [stderr]   -- Performing Test CXX_TEST_COMPILED - Success
[INFO] [stderr]   -- Performing Test C_TEST_COMPILED
[INFO] [stderr]   -- Performing Test C_TEST_COMPILED - Success
[INFO] [stderr]   -- Performing Test CXX_TEST_COMPILED
[INFO] [stderr]   -- Performing Test CXX_TEST_COMPILED - Success
[INFO] [stderr]   -- Performing Test C_TEST_COMPILED
[INFO] [stderr]   -- Performing Test C_TEST_COMPILED - Success
[INFO] [stderr]   -- Performing Test HAVE_C_FLAG
[INFO] [stderr]   -- Performing Test HAVE_C_FLAG - Success
[INFO] [stderr]   -- Performing Test HAVE_CXX_FLAG
[INFO] [stderr]   -- Performing Test HAVE_CXX_FLAG - Success
[INFO] [stderr]   -- Performing Test C_FLAG_SUPPORTED
[INFO] [stderr]   -- Performing Test C_FLAG_SUPPORTED - Success
[INFO] [stderr]   -- Performing Test CXX_FLAG_SUPPORTED
[INFO] [stderr]   -- Performing Test CXX_FLAG_SUPPORTED - Success
[INFO] [stderr]   -- Performing Test C_FLAG_SUPPORTED
[INFO] [stderr]   -- Performing Test C_FLAG_SUPPORTED - Success
[INFO] [stderr]   -- Performing Test CXX_FLAG_SUPPORTED
[INFO] [stderr]   -- Performing Test CXX_FLAG_SUPPORTED - Success
[INFO] [stderr]   -- Performing Test C_FLAG_SUPPORTED
[INFO] [stderr]   -- Performing Test C_FLAG_SUPPORTED - Success
[INFO] [stderr]   -- Performing Test CXX_FLAG_SUPPORTED
[INFO] [stderr]   -- Performing Test CXX_FLAG_SUPPORTED - Success
[INFO] [stderr]   -- Performing Test C_FLAG_SUPPORTED
[INFO] [stderr]   -- Performing Test C_FLAG_SUPPORTED - Success
[INFO] [stderr]   -- Performing Test CXX_FLAG_SUPPORTED
[INFO] [stderr]   -- Performing Test CXX_FLAG_SUPPORTED - Success
[INFO] [stderr]   -- Performing Test C_FLAG_SUPPORTED
[INFO] [stderr]   -- Performing Test C_FLAG_SUPPORTED - Success
[INFO] [stderr]   -- Performing Test C_FLAG_SUPPORTED
[INFO] [stderr]   -- Performing Test C_FLAG_SUPPORTED - Success
[INFO] [stderr]   -- Performing Test CXX_FLAG_SUPPORTED
[INFO] [stderr]   -- Performing Test CXX_FLAG_SUPPORTED - Success
[INFO] [stderr]   -- Performing Test C_FLAG_SUPPORTED
[INFO] [stderr]   -- Performing Test C_FLAG_SUPPORTED - Success
[INFO] [stderr]   -- Performing Test CXX_FLAG_SUPPORTED
[INFO] [stderr]   -- Performing Test CXX_FLAG_SUPPORTED - Success
[INFO] [stderr]   -- Performing Test C_FLAG_SUPPORTED
[INFO] [stderr]   -- Performing Test C_FLAG_SUPPORTED - Failed
[INFO] [stderr]   -- Performing Test CXX_FLAG_SUPPORTED
[INFO] [stderr]   -- Performing Test CXX_FLAG_SUPPORTED - Failed
[INFO] [stderr]   -- Performing Test C_FLAG_SUPPORTED
[INFO] [stderr]   -- Performing Test C_FLAG_SUPPORTED - Success
[INFO] [stderr]   -- Performing Test CXX_FLAG_SUPPORTED
[INFO] [stderr]   -- Performing Test CXX_FLAG_SUPPORTED - Success
[INFO] [stderr]   -- Performing Test C_FLAG_SUPPORTED
[INFO] [stderr]   -- Performing Test C_FLAG_SUPPORTED - Failed
[INFO] [stderr]   -- Performing Test CXX_FLAG_SUPPORTED
[INFO] [stderr]   -- Performing Test CXX_FLAG_SUPPORTED - Failed
[INFO] [stderr]   -- Performing Test C_FLAG_SUPPORTED
[INFO] [stderr]   -- Performing Test C_FLAG_SUPPORTED - Success
[INFO] [stderr]   -- Performing Test CXX_FLAG_SUPPORTED
[INFO] [stderr]   -- Performing Test CXX_FLAG_SUPPORTED - Success
[INFO] [stderr]   -- Performing Test C_FLAG_SUPPORTED
[INFO] [stderr]   -- Performing Test C_FLAG_SUPPORTED - Success
[INFO] [stderr]   -- Performing Test CXX_FLAG_SUPPORTED
[INFO] [stderr]   -- Performing Test CXX_FLAG_SUPPORTED - Success
[INFO] [stderr]   -- Performing Test C_FLAG_SUPPORTED
[INFO] [stderr]   -- Performing Test C_FLAG_SUPPORTED - Success
[INFO] [stderr]   -- Performing Test CXX_FLAG_SUPPORTED
[INFO] [stderr]   -- Performing Test CXX_FLAG_SUPPORTED - Success
[INFO] [stderr]   -- Performing Test C_FLAG_SUPPORTED
[INFO] [stderr]   -- Performing Test C_FLAG_SUPPORTED - Success
[INFO] [stderr]   -- Performing Test CXX_FLAG_SUPPORTED
[INFO] [stderr]   -- Performing Test CXX_FLAG_SUPPORTED - Success
[INFO] [stderr]   -- Performing Test C_FLAG_SUPPORTED
[INFO] [stderr]   -- Performing Test C_FLAG_SUPPORTED - Success
[INFO] [stderr]   -- Performing Test CXX_FLAG_SUPPORTED
[INFO] [stderr]   -- Performing Test CXX_FLAG_SUPPORTED - Success
[INFO] [stderr]   -- Performing Test C_FLAG_SUPPORTED
[INFO] [stderr]   -- Performing Test C_FLAG_SUPPORTED - Success
[INFO] [stderr]   -- Performing Test C_FLAG_SUPPORTED
[INFO] [stderr]   -- Performing Test C_FLAG_SUPPORTED - Success
[INFO] [stderr]   -- Performing Test C_FLAG_SUPPORTED
[INFO] [stderr]   -- Performing Test C_FLAG_SUPPORTED - Success
[INFO] [stderr]   -- Performing Test CXX_FLAG_SUPPORTED
[INFO] [stderr]   -- Performing Test CXX_FLAG_SUPPORTED - Success
[INFO] [stderr]   -- Performing Test C_FLAG_SUPPORTED
[INFO] [stderr]   -- Performing Test C_FLAG_SUPPORTED - Success
[INFO] [stderr]   -- Performing Test CXX_FLAG_SUPPORTED
[INFO] [stderr]   -- Performing Test CXX_FLAG_SUPPORTED - Success
[INFO] [stderr]   -- Performing Test C_FLAG_SUPPORTED
[INFO] [stderr]   -- Performing Test C_FLAG_SUPPORTED - Success
[INFO] [stderr]   -- Performing Test CXX_FLAG_SUPPORTED
[INFO] [stderr]   -- Performing Test CXX_FLAG_SUPPORTED - Success
[INFO] [stderr]   -- Found PythonInterp: /usr/bin/python (found version "2.7.18") 
[INFO] [stderr]   -- Performing Test FLAG_SUPPORTED
[INFO] [stderr]   -- Performing Test FLAG_SUPPORTED - Success
[INFO] [stderr]   -- Performing Test HAVE_C_FLAG
[INFO] [stderr]   -- Performing Test HAVE_C_FLAG - Success
[INFO] [stderr]   -- Performing Test HAVE_CXX_FLAG
[INFO] [stderr]   -- Performing Test HAVE_CXX_FLAG - Success
[INFO] [stderr]   -- Performing Test HAVE_C_FLAG
[INFO] [stderr]   -- Performing Test HAVE_C_FLAG - Success
[INFO] [stderr]   -- Performing Test HAVE_CXX_FLAG
[INFO] [stderr]   -- Performing Test HAVE_CXX_FLAG - Success
[INFO] [stderr]   -- Performing Test HAVE_C_FLAG
[INFO] [stderr]   -- Performing Test HAVE_C_FLAG - Success
[INFO] [stderr]   -- Performing Test HAVE_CXX_FLAG
[INFO] [stderr]   -- Performing Test HAVE_CXX_FLAG - Success
[INFO] [stderr]   -- Performing Test HAVE_C_FLAG
[INFO] [stderr]   -- Performing Test HAVE_C_FLAG - Success
[INFO] [stderr]   -- Performing Test HAVE_CXX_FLAG
[INFO] [stderr]   -- Performing Test HAVE_CXX_FLAG - Success
[INFO] [stderr]   -- Performing Test HAVE_C_FLAG
[INFO] [stderr]   -- Performing Test HAVE_C_FLAG - Success
[INFO] [stderr]   -- Performing Test HAVE_CXX_FLAG
[INFO] [stderr]   -- Performing Test HAVE_CXX_FLAG - Success
[INFO] [stderr]   -- Performing Test HAVE_C_FLAG
[INFO] [stderr]   -- Performing Test HAVE_C_FLAG - Success
[INFO] [stderr]   -- Performing Test HAVE_CXX_FLAG
[INFO] [stderr]   -- Performing Test HAVE_CXX_FLAG - Success
[INFO] [stderr]   -- Configuring done
[INFO] [stderr]   -- Generating done
[INFO] [stderr]   -- Build files have been written to: /opt/rustwide/target/debug/build/libaom-sys-04b3969157f774da/out/build
[INFO] [stderr]   running: "cmake" "--build" "." "--target" "install" "--config" "Release" "--"
[INFO] [stderr]   Scanning dependencies of target aom_version_check
[INFO] [stderr]   [  1%] Updating version info if necessary.
[INFO] [stderr]   [  1%] Built target aom_version_check
[INFO] [stderr]   Scanning dependencies of target aom_version
[INFO] [stderr]   [  1%] Building C object CMakeFiles/aom_version.dir/gen_src/aom_version_dummy.c.o
[INFO] [stderr]   [  1%] Linking C static library libaom_version.a
[INFO] [stderr]   [  2%] Built target aom_version
[INFO] [stderr]   [  3%] Writing aom.pc
[INFO] [stderr]   Scanning dependencies of target aom_rtcd
[INFO] [stderr]   Scanning dependencies of target aom_pc
[INFO] [stderr]   [  3%] Building C object CMakeFiles/aom_rtcd.dir/aom_dsp/aom_dsp_rtcd.c.o
[INFO] [stderr]   [  3%] Building C object CMakeFiles/aom_rtcd.dir/aom_scale/aom_scale_rtcd.c.o
[INFO] [stderr]   [  4%] Building C object CMakeFiles/aom_rtcd.dir/av1/common/av1_rtcd.c.o
[INFO] [stderr]   [  4%] Building C object CMakeFiles/aom_pc.dir/gen_src/aom_pc_dummy.c.o
[INFO] [stderr]   [  4%] Linking C static library libaom_pc.a
[INFO] [stderr]   [  4%] Built target aom_pc
[INFO] [stderr]   [  5%] Built target aom_rtcd
[INFO] [stderr]   Scanning dependencies of target aom_av1_encoder_sse42_intrinsics
[INFO] [stderr]   Scanning dependencies of target aom_av1_encoder_sse2
[INFO] [stderr]   [  5%] Building C object CMakeFiles/aom_av1_encoder_sse42_intrinsics.dir/av1/encoder/x86/hash_sse42.c.o
[INFO] [stderr]   Scanning dependencies of target aom_av1_encoder_sse3_intrinsics
[INFO] [stderr]   Scanning dependencies of target aom_av1_common_ssse3_intrinsics
[INFO] [stderr]   [  5%] Building C object CMakeFiles/aom_av1_encoder_sse2.dir/gen_src/aom_av1_encoder_sse2_dummy.c.o
[INFO] [stderr]   Scanning dependencies of target aom_av1_encoder_avx2_intrinsics
[INFO] [stderr]   [  5%] Building C object CMakeFiles/aom_av1_encoder_sse3_intrinsics.dir/av1/encoder/x86/ml_sse3.c.o
[INFO] [stderr]   Scanning dependencies of target aom_dsp_common
[INFO] [stderr]   Scanning dependencies of target aom_dsp_encoder_sse2
[INFO] [stderr]   Scanning dependencies of target aom_av1_encoder_ssse3
[INFO] [stderr]   Scanning dependencies of target aom_dsp_encoder
[INFO] [stderr]   [  5%] Building C object CMakeFiles/aom_av1_common_ssse3_intrinsics.dir/av1/common/cdef_block_ssse3.c.o
[INFO] [stderr]   [  5%] Building C object CMakeFiles/aom_av1_encoder_avx2_intrinsics.dir/av1/encoder/x86/av1_quantize_avx2.c.o
[INFO] [stderr]   Scanning dependencies of target aom_util
[INFO] [stderr]   Scanning dependencies of target aom_av1_common_sse4_intrinsics
[INFO] [stderr]   [  5%] Building C object CMakeFiles/aom_dsp_common.dir/aom_dsp/aom_convolve.c.o
[INFO] [stderr]   Scanning dependencies of target aom_av1_encoder_sse2_intrinsics
[INFO] [stderr]   [  5%] Building C object CMakeFiles/aom_av1_encoder_avx2_intrinsics.dir/av1/encoder/x86/av1_highbd_quantize_avx2.c.o
[INFO] [stderr]   [  6%] Linking C static library libaom_av1_encoder_sse2.a
[INFO] [stderr]   [  6%] Building C object CMakeFiles/aom_dsp_common.dir/aom_dsp/blend_a64_hmask.c.o
[INFO] [stderr]   [  6%] Building C object CMakeFiles/aom_av1_common_ssse3_intrinsics.dir/av1/common/x86/av1_inv_txfm_ssse3.c.o
[INFO] [stderr]   Scanning dependencies of target aom_dsp
[INFO] [stderr]   [  6%] Building C object CMakeFiles/aom_dsp_common.dir/aom_dsp/bitreader_buffer.c.o
[INFO] [stderr]   [  6%] Building C object CMakeFiles/aom_dsp_encoder_sse2.dir/gen_src/aom_dsp_encoder_sse2_dummy.c.o
[INFO] [stderr]   [  6%] Building C object CMakeFiles/aom_dsp_common.dir/aom_dsp/blend_a64_mask.c.o
[INFO] [stderr]   [  7%] Building C object CMakeFiles/aom_dsp_common.dir/aom_dsp/bitwriter_buffer.c.o
[INFO] [stderr]   Scanning dependencies of target aom_dsp_decoder
[INFO] [stderr]   [  7%] Building C object CMakeFiles/aom_dsp_common.dir/aom_dsp/entcode.c.o
[INFO] [stderr]   [  7%] Building C object CMakeFiles/aom_util.dir/aom_util/aom_thread.c.o
[INFO] [stderr]   [  8%] Building C object CMakeFiles/aom_av1_common_ssse3_intrinsics.dir/av1/common/x86/highbd_convolve_2d_ssse3.c.o
[INFO] [stderr]   [  8%] Building C object CMakeFiles/aom_av1_common_ssse3_intrinsics.dir/av1/common/x86/highbd_wiener_convolve_ssse3.c.o
[INFO] [stderr]   [  8%] Building C object CMakeFiles/aom_av1_encoder_ssse3.dir/gen_src/aom_av1_encoder_ssse3_dummy.c.o
[INFO] [stderr]   Scanning dependencies of target aom_dsp_common_sse2_intrinsics
[INFO] [stderr]   [  8%] Building C object CMakeFiles/aom_av1_common_ssse3_intrinsics.dir/av1/common/x86/cfl_ssse3.c.o
[INFO] [stderr]   [  9%] Building C object CMakeFiles/aom_av1_encoder_avx2_intrinsics.dir/av1/encoder/x86/corner_match_avx2.c.o
[INFO] [stderr]   [ 10%] Building C object CMakeFiles/aom_dsp_common.dir/aom_dsp/blend_a64_vmask.c.o
[INFO] [stderr]   [ 10%] Building C object CMakeFiles/aom_dsp_encoder.dir/aom_dsp/binary_codes_writer.c.o
[INFO] [stderr]   [ 11%] Building C object CMakeFiles/aom_av1_common_ssse3_intrinsics.dir/av1/common/x86/reconinter_ssse3.c.o
[INFO] [stderr]   Scanning dependencies of target aom_av1_encoder_sse4_intrinsics
[INFO] [stderr]   [ 11%] Building C object CMakeFiles/aom_av1_common_ssse3_intrinsics.dir/av1/common/x86/jnt_convolve_ssse3.c.o
[INFO] [stderr]   [ 11%] Building C object CMakeFiles/aom_av1_encoder_sse2_intrinsics.dir/av1/encoder/x86/av1_fwd_txfm_sse2.c.o
[INFO] [stderr]   [ 11%] Building C object CMakeFiles/aom_av1_common_sse4_intrinsics.dir/av1/common/cdef_block_sse4.c.o
[INFO] [stderr]   [ 12%] Building C object CMakeFiles/aom_dsp_decoder.dir/aom_dsp/binary_codes_reader.c.o
[INFO] [stderr]   [ 12%] Built target aom_av1_encoder_sse2
[INFO] [stderr]   Scanning dependencies of target aom_av1_decoder
[INFO] [stderr]   [ 12%] Built target aom_av1_encoder_sse42_intrinsics
[INFO] [stderr]   Scanning dependencies of target aom_dsp_encoder_sse2_intrinsics
[INFO] [stderr]   [ 12%] Linking C static library libaom_av1_encoder_ssse3.a
[INFO] [stderr]   [ 13%] Linking C static library libaom_dsp_encoder_sse2.a
[INFO] [stderr]   [ 13%] Building C object CMakeFiles/aom_dsp_common_sse2_intrinsics.dir/aom_dsp/x86/aom_convolve_copy_sse2.c.o
[INFO] [stderr]   [ 13%] Building C object CMakeFiles/aom_av1_decoder.dir/av1/av1_dx_iface.c.o
[INFO] [stderr]   [ 14%] Building C object CMakeFiles/aom_dsp.dir/gen_src/aom_av1_dummy.c.o
[INFO] [stderr]   [ 15%] Building C object CMakeFiles/aom_av1_encoder_sse4_intrinsics.dir/av1/encoder/x86/av1_fwd_txfm1d_sse4.c.o
[INFO] [stderr]   [ 15%] Building C object CMakeFiles/aom_dsp_common.dir/aom_dsp/fft.c.o
[INFO] [stderr]   [ 15%] Building C object CMakeFiles/aom_dsp_encoder_sse2_intrinsics.dir/aom_dsp/x86/fwd_txfm_sse2.c.o
[INFO] [stderr]   Scanning dependencies of target aom_dsp_encoder_sse4_1_intrinsics
[INFO] [stderr]   Scanning dependencies of target aom_dsp_common_ssse3_intrinsics
[INFO] [stderr]   [ 15%] Built target aom_av1_encoder_ssse3
[INFO] [stderr]   [ 15%] Built target aom_dsp_encoder_sse2
[INFO] [stderr]   [ 15%] Building C object CMakeFiles/aom_dsp.dir/gen_src/aom_dsp_dummy.c.o
[INFO] [stderr]   [ 15%] Building C object CMakeFiles/aom_dsp_common_ssse3_intrinsics.dir/aom_dsp/x86/aom_subpixel_8t_intrin_ssse3.c.o
[INFO] [stderr]   [ 16%] Building C object CMakeFiles/aom_dsp_encoder_sse4_1_intrinsics.dir/aom_dsp/x86/highbd_variance_sse4.c.o
[INFO] [stderr]   [ 16%] Building C object CMakeFiles/aom_dsp_common.dir/aom_dsp/intrapred.c.o
[INFO] [stderr]   [ 16%] Built target aom_dsp
[INFO] [stderr]   [ 17%] Building C object CMakeFiles/aom_dsp_common_sse2_intrinsics.dir/aom_dsp/x86/aom_subpixel_8t_intrin_sse2.c.o
[INFO] [stderr]   Scanning dependencies of target aom_dsp_common_sse4_1_intrinsics
[INFO] [stderr]   [ 17%] Built target aom_av1_encoder_sse3_intrinsics
[INFO] [stderr]   [ 17%] Building C object CMakeFiles/aom_dsp_decoder.dir/aom_dsp/bitreader.c.o
[INFO] [stderr]   Scanning dependencies of target aom_dsp_encoder_ssse3_intrinsics
[INFO] [stderr]   Scanning dependencies of target aom_mem
[INFO] [stderr]   [ 17%] Building C object CMakeFiles/aom_dsp_common_sse4_1_intrinsics.dir/aom_dsp/x86/blend_a64_hmask_sse4.c.o
[INFO] [stderr]   [ 18%] Building C object CMakeFiles/aom_dsp_common.dir/aom_dsp/loopfilter.c.o
[INFO] [stderr]   [ 18%] Building C object CMakeFiles/aom_mem.dir/aom_mem/aom_mem.c.o
[INFO] [stderr]   [ 18%] Building C object CMakeFiles/aom_dsp_encoder_ssse3_intrinsics.dir/aom_dsp/x86/masked_sad_intrin_ssse3.c.o
[INFO] [stderr]   [ 18%] Building C object CMakeFiles/aom_dsp_encoder.dir/aom_dsp/bitwriter.c.o
[INFO] [stderr]   [ 18%] Building C object CMakeFiles/aom_util.dir/aom_util/debug_util.c.o
[INFO] [stderr]   [ 19%] Building C object CMakeFiles/aom_dsp_common_sse4_1_intrinsics.dir/aom_dsp/x86/blend_a64_mask_sse4.c.o
[INFO] [stderr]   Scanning dependencies of target aom_dsp_encoder_avx2_intrinsics
[INFO] [stderr]   [ 19%] Building C object CMakeFiles/aom_dsp_common.dir/aom_dsp/subtract.c.o
[INFO] [stderr]   [ 19%] Building C object CMakeFiles/aom_dsp_encoder_avx2_intrinsics.dir/aom_dsp/x86/masked_sad_intrin_avx2.c.o
[INFO] [stderr]   [ 19%] Building C object CMakeFiles/aom_dsp_decoder.dir/aom_dsp/entdec.c.o
[INFO] [stderr]   [ 19%] Built target aom_util
[INFO] [stderr]   [ 19%] Building C object CMakeFiles/aom_av1_common_ssse3_intrinsics.dir/av1/common/x86/resize_ssse3.c.o
[INFO] [stderr]   [ 19%] Built target aom_mem
[INFO] [stderr]   [ 19%] Building C object CMakeFiles/aom_dsp_encoder.dir/aom_dsp/blk_sse_sum.c.o
[INFO] [stderr]   Scanning dependencies of target aom_dsp_encoder_avx_intrinsics
[INFO] [stderr]   [ 20%] Building C object CMakeFiles/aom_dsp_encoder.dir/aom_dsp/entenc.c.o
[INFO] [stderr]   [ 20%] Building C object CMakeFiles/aom_dsp_encoder_avx_intrinsics.dir/aom_dsp/x86/aom_quantize_avx.c.o
[INFO] [stderr]   Scanning dependencies of target aom_av1_common_avx2_intrinsics
[INFO] [stderr]   [ 21%] Building C object CMakeFiles/aom_dsp_decoder.dir/aom_dsp/grain_synthesis.c.o
[INFO] [stderr]   [ 22%] Building C object CMakeFiles/aom_av1_common_avx2_intrinsics.dir/av1/common/cdef_block_avx2.c.o
[INFO] [stderr]   Scanning dependencies of target aom_dsp_common_avx2_intrinsics
[INFO] [stderr]   [ 23%] Building C object CMakeFiles/aom_dsp_common_avx2_intrinsics.dir/aom_dsp/x86/aom_convolve_copy_avx2.c.o
[INFO] [stderr]   [ 23%] Building C object CMakeFiles/aom_dsp_encoder_sse4_1_intrinsics.dir/aom_dsp/x86/sse_sse4.c.o
[INFO] [stderr]   [ 23%] Building C object CMakeFiles/aom_dsp_common.dir/aom_dsp/avg.c.o
[INFO] [stderr]   [ 23%] Building C object CMakeFiles/aom_dsp_encoder.dir/aom_dsp/fwd_txfm.c.o
[INFO] [stderr]   [ 23%] Building C object CMakeFiles/aom_av1_encoder_avx2_intrinsics.dir/av1/encoder/x86/error_intrin_avx2.c.o
[INFO] [stderr]   [ 23%] Building C object CMakeFiles/aom_dsp_encoder.dir/aom_dsp/grain_table.c.o
[INFO] [stderr]   [ 23%] Building C object CMakeFiles/aom_dsp_encoder_sse4_1_intrinsics.dir/aom_dsp/x86/obmc_sad_sse4.c.o
[INFO] [stderr]   [ 24%] Building C object CMakeFiles/aom_dsp_encoder_sse4_1_intrinsics.dir/aom_dsp/x86/obmc_variance_sse4.c.o
[INFO] [stderr]   [ 24%] Building C object CMakeFiles/aom_av1_encoder_avx2_intrinsics.dir/av1/encoder/x86/highbd_block_error_intrin_avx2.c.o
[INFO] [stderr]   [ 24%] Building C object CMakeFiles/aom_dsp_common_sse2_intrinsics.dir/aom_dsp/x86/aom_asm_stubs.c.o
[INFO] [stderr]   [ 24%] Building C object CMakeFiles/aom_av1_encoder_avx2_intrinsics.dir/av1/encoder/x86/av1_fwd_txfm2d_avx2.c.o
[INFO] [stderr]   [ 25%] Building C object CMakeFiles/aom_av1_encoder_avx2_intrinsics.dir/av1/encoder/x86/highbd_fwd_txfm_avx2.c.o
[INFO] [stderr]   [ 25%] Building C object CMakeFiles/aom_av1_encoder_avx2_intrinsics.dir/av1/encoder/x86/wedge_utils_avx2.c.o
[INFO] [stderr]   [ 25%] Building C object CMakeFiles/aom_dsp_common_sse2_intrinsics.dir/aom_dsp/x86/fft_sse2.c.o
[INFO] [stderr]   [ 25%] Building C object CMakeFiles/aom_av1_encoder_avx2_intrinsics.dir/av1/encoder/x86/encodetxb_avx2.c.o
[INFO] [stderr]   [ 25%] Built target aom_dsp_encoder_avx_intrinsics
[INFO] [stderr]   Scanning dependencies of target aom_scale
[INFO] [stderr]   [ 26%] Building C object CMakeFiles/aom_dsp_encoder.dir/aom_dsp/noise_model.c.o
[INFO] [stderr]   [ 27%] Building C object CMakeFiles/aom_av1_encoder_avx2_intrinsics.dir/av1/encoder/x86/rdopt_avx2.c.o
[INFO] [stderr]   [ 27%] Building C object CMakeFiles/aom_scale.dir/aom_scale/generic/aom_scale.c.o
[INFO] [stderr]   [ 27%] Building C object CMakeFiles/aom_av1_decoder.dir/av1/decoder/decodeframe.c.o
[INFO] [stderr]   [ 27%] Building C object CMakeFiles/aom_av1_encoder_avx2_intrinsics.dir/av1/encoder/x86/av1_k_means_avx2.c.o
[INFO] [stderr]   [ 27%] Building C object CMakeFiles/aom_av1_encoder_avx2_intrinsics.dir/av1/encoder/x86/temporal_filter_avx2.c.o
[INFO] [stderr]   [ 27%] Building C object CMakeFiles/aom_scale.dir/aom_scale/generic/gen_scalers.c.o
[INFO] [stderr]   [ 28%] Building C object CMakeFiles/aom_dsp_common_sse2_intrinsics.dir/aom_dsp/x86/highbd_convolve_sse2.c.o
[INFO] [stderr]   [ 28%] Building C object CMakeFiles/aom_dsp_common_sse2_intrinsics.dir/aom_dsp/x86/highbd_intrapred_sse2.c.o
[INFO] [stderr]   [ 28%] Building C object CMakeFiles/aom_av1_encoder_avx2_intrinsics.dir/av1/encoder/x86/highbd_temporal_filter_avx2.c.o
[INFO] [stderr]   [ 28%] Building C object CMakeFiles/aom_dsp_encoder_sse2_intrinsics.dir/aom_dsp/x86/highbd_quantize_intrin_sse2.c.o
[INFO] [stderr]   [ 28%] Building C object CMakeFiles/aom_dsp_common_avx2_intrinsics.dir/aom_dsp/x86/aom_subpixel_8t_intrin_avx2.c.o
[INFO] [stderr]   [ 28%] Building C object CMakeFiles/aom_av1_common_sse4_intrinsics.dir/av1/common/x86/av1_convolve_horiz_rs_sse4.c.o
[INFO] [stderr]   [ 28%] Building C object CMakeFiles/aom_dsp_common_ssse3_intrinsics.dir/aom_dsp/x86/highbd_convolve_ssse3.c.o
[INFO] [stderr]   [ 28%] Building C object CMakeFiles/aom_scale.dir/aom_scale/generic/yv12config.c.o
[INFO] [stderr]   [ 28%] Building C object CMakeFiles/aom_dsp_common_ssse3_intrinsics.dir/aom_dsp/x86/intrapred_ssse3.c.o
[INFO] [stderr]   [ 29%] Building C object CMakeFiles/aom_av1_common_sse4_intrinsics.dir/av1/common/x86/av1_convolve_scale_sse4.c.o
[INFO] [stderr]   [ 29%] Building C object CMakeFiles/aom_av1_encoder_sse4_intrinsics.dir/av1/encoder/x86/av1_fwd_txfm2d_sse4.c.o
[INFO] [stderr]   [ 29%] Building C object CMakeFiles/aom_dsp_common_sse2_intrinsics.dir/aom_dsp/x86/highbd_loopfilter_sse2.c.o
[INFO] [stderr]   [ 29%] Building C object CMakeFiles/aom_dsp_encoder_sse2_intrinsics.dir/aom_dsp/x86/highbd_subtract_sse2.c.o
[INFO] [stderr]   [ 29%] Building C object CMakeFiles/aom_dsp_common_sse2_intrinsics.dir/aom_dsp/x86/intrapred_sse2.c.o
[INFO] [stderr]   [ 30%] Building C object CMakeFiles/aom_scale.dir/aom_scale/generic/yv12extend.c.o
[INFO] [stderr]   [ 31%] Building C object CMakeFiles/aom_av1_encoder_avx2_intrinsics.dir/av1/encoder/x86/pickrst_avx2.c.o
[INFO] [stderr]   [ 31%] Building C object CMakeFiles/aom_av1_common_sse4_intrinsics.dir/av1/common/x86/av1_txfm_sse4.c.o
[INFO] [stderr]   [ 31%] Building C object CMakeFiles/aom_av1_encoder_sse4_intrinsics.dir/av1/encoder/x86/av1_highbd_quantize_sse4.c.o
[INFO] [stderr]   [ 32%] Building C object CMakeFiles/aom_av1_encoder_sse4_intrinsics.dir/av1/encoder/x86/corner_match_sse4.c.o
[INFO] [stderr]   [ 32%] Building C object CMakeFiles/aom_av1_encoder_avx2_intrinsics.dir/av1/encoder/x86/cnn_avx2.c.o
[INFO] [stderr]   [ 32%] Building C object CMakeFiles/aom_av1_encoder_sse4_intrinsics.dir/av1/encoder/x86/encodetxb_sse4.c.o
[INFO] [stderr]   [ 32%] Built target aom_scale
[INFO] [stderr]   [ 32%] Building C object CMakeFiles/aom_av1_common_sse4_intrinsics.dir/av1/common/x86/filterintra_sse4.c.o
[INFO] [stderr]   [ 32%] Building C object CMakeFiles/aom_av1_encoder_sse4_intrinsics.dir/av1/encoder/x86/highbd_fwd_txfm_sse4.c.o
[INFO] [stderr]   [ 33%] Building C object CMakeFiles/aom_dsp_encoder_sse2_intrinsics.dir/aom_dsp/x86/highbd_variance_sse2.c.o
[INFO] [stderr]   Scanning dependencies of target aom_av1_common
[INFO] [stderr]   [ 33%] Building C object CMakeFiles/aom_av1_common_avx2_intrinsics.dir/av1/common/x86/av1_inv_txfm_avx2.c.o
[INFO] [stderr]   [ 34%] Building C object CMakeFiles/aom_av1_common.dir/common/args_helper.c.o
[INFO] [stderr]   [ 34%] Building C object CMakeFiles/aom_av1_common_avx2_intrinsics.dir/av1/common/x86/cfl_avx2.c.o
[INFO] [stderr]   [ 34%] Building C object CMakeFiles/aom_dsp_common_sse4_1_intrinsics.dir/aom_dsp/x86/blend_a64_vmask_sse4.c.o
[INFO] [stderr]   Scanning dependencies of target aom_av1_encoder
[INFO] [stderr]   [ 34%] Building C object CMakeFiles/aom_av1_common.dir/av1/arg_defs.c.o
[INFO] [stderr]   [ 34%] Building C object CMakeFiles/aom_av1_common.dir/av1/common/alloccommon.c.o
[INFO] [stderr]   [ 34%] Building C object CMakeFiles/aom_av1_encoder_sse2_intrinsics.dir/av1/encoder/x86/av1_quantize_sse2.c.o
[INFO] [stderr]   [ 34%] Building C object CMakeFiles/aom_av1_encoder.dir/av1/av1_cx_iface.c.o
[INFO] [stderr]   [ 35%] Building C object CMakeFiles/aom_av1_common.dir/av1/common/av1_inv_txfm1d.c.o
[INFO] [stderr]   [ 36%] Building C object CMakeFiles/aom_dsp_common_sse2_intrinsics.dir/aom_dsp/x86/loopfilter_sse2.c.o
[INFO] [stderr]   [ 36%] Building C object CMakeFiles/aom_av1_encoder_sse4_intrinsics.dir/av1/encoder/x86/rdopt_sse4.c.o
[INFO] [stderr]   [ 37%] Building C object CMakeFiles/aom_av1_encoder_sse4_intrinsics.dir/av1/encoder/x86/pickrst_sse4.c.o
[INFO] [stderr]   [ 37%] Building C object CMakeFiles/aom_dsp_common_avx2_intrinsics.dir/aom_dsp/x86/fft_avx2.c.o
[INFO] [stderr]   [ 37%] Building C object CMakeFiles/aom_av1_common.dir/av1/common/av1_inv_txfm2d.c.o
[INFO] [stderr]   [ 37%] Building C object CMakeFiles/aom_av1_common.dir/av1/common/av1_loopfilter.c.o
[INFO] [stderr]   [ 37%] Building C object CMakeFiles/aom_dsp_common_sse2_intrinsics.dir/aom_dsp/x86/avg_intrin_sse2.c.o
[INFO] [stderr]   [ 37%] Building C object CMakeFiles/aom_av1_common.dir/av1/common/av1_txfm.c.o
[INFO] [stderr]   [ 38%] Building C object CMakeFiles/aom_av1_common.dir/av1/common/blockd.c.o
[INFO] [stderr]   [ 38%] Building C object CMakeFiles/aom_av1_common.dir/av1/common/cdef.c.o
[INFO] [stderr]   [ 39%] Building C object CMakeFiles/aom_av1_decoder.dir/av1/decoder/decodemv.c.o
[INFO] [stderr]   [ 39%] Building C object CMakeFiles/aom_dsp_common_avx2_intrinsics.dir/aom_dsp/x86/highbd_convolve_avx2.c.o
[INFO] [stderr]   [ 39%] Building C object CMakeFiles/aom_av1_encoder.dir/av1/encoder/aq_complexity.c.o
[INFO] [stderr]   [ 40%] Building C object CMakeFiles/aom_av1_encoder.dir/av1/encoder/aq_cyclicrefresh.c.o
[INFO] [stderr]   [ 40%] Building C object CMakeFiles/aom_av1_common.dir/av1/common/cdef_block.c.o
[INFO] [stderr]   [ 41%] Building C object CMakeFiles/aom_av1_common.dir/av1/common/cfl.c.o
[INFO] [stderr]   [ 41%] Building C object CMakeFiles/aom_av1_common.dir/av1/common/convolve.c.o
[INFO] [stderr]   [ 41%] Building C object CMakeFiles/aom_dsp_encoder.dir/aom_dsp/noise_util.c.o
[INFO] [stderr]   [ 41%] Building C object CMakeFiles/aom_av1_common.dir/av1/common/debugmodes.c.o
[INFO] [stderr]   [ 41%] Building C object CMakeFiles/aom_av1_common.dir/av1/common/entropy.c.o
[INFO] [stderr]   [ 41%] Built target aom_dsp_decoder
[INFO] [stderr]   [ 41%] Building C object CMakeFiles/aom_dsp_encoder.dir/aom_dsp/psnr.c.o
[INFO] [stderr]   [ 41%] Building C object CMakeFiles/aom_dsp_encoder.dir/aom_dsp/quantize.c.o
[INFO] [stderr]   [ 42%] Building C object CMakeFiles/aom_av1_common_sse4_intrinsics.dir/av1/common/x86/highbd_convolve_2d_sse4.c.o
[INFO] [stderr]   [ 42%] Built target aom_dsp_common_ssse3_intrinsics
[INFO] [stderr]   [ 43%] Building C object CMakeFiles/aom_dsp_encoder.dir/aom_dsp/sad.c.o
[INFO] [stderr]   [ 43%] Building C object CMakeFiles/aom_dsp_encoder.dir/aom_dsp/sse.c.o
[INFO] [stderr]   [ 44%] Building C object CMakeFiles/aom_av1_common.dir/av1/common/entropymode.c.o
[INFO] [stderr]   [ 44%] Building C object CMakeFiles/aom_av1_common.dir/av1/common/entropymv.c.o
[INFO] [stderr]   [ 45%] Building C object CMakeFiles/aom_dsp_common_avx2_intrinsics.dir/aom_dsp/x86/highbd_loopfilter_avx2.c.o
[INFO] [stderr]   [ 45%] Building C object CMakeFiles/aom_av1_common_sse4_intrinsics.dir/av1/common/x86/highbd_inv_txfm_sse4.c.o
[INFO] [stderr]   [ 45%] Built target aom_dsp_common_sse4_1_intrinsics
[INFO] [stderr]   [ 46%] Building C object CMakeFiles/aom_av1_common.dir/av1/common/idct.c.o
[INFO] [stderr]   [ 46%] Building C object CMakeFiles/aom_av1_common.dir/av1/common/frame_buffers.c.o
[INFO] [stderr]   [ 46%] Building C object CMakeFiles/aom_av1_decoder.dir/av1/decoder/decoder.c.o
[INFO] [stderr]   [ 46%] Building C object CMakeFiles/aom_av1_encoder.dir/av1/encoder/aq_variance.c.o
[INFO] [stderr]   [ 46%] Building C object CMakeFiles/aom_av1_common_sse4_intrinsics.dir/av1/common/x86/highbd_jnt_convolve_sse4.c.o
[INFO] [stderr]   [ 46%] Building C object CMakeFiles/aom_dsp_encoder.dir/aom_dsp/sad_av1.c.o
[INFO] [stderr]   [ 46%] Building C object CMakeFiles/aom_dsp_common_avx2_intrinsics.dir/aom_dsp/x86/intrapred_avx2.c.o
[INFO] [stderr]   [ 47%] Building C object CMakeFiles/aom_dsp_encoder.dir/aom_dsp/sum_squares.c.o
[INFO] [stderr]   [ 47%] Building C object CMakeFiles/aom_av1_encoder.dir/av1/encoder/av1_fwd_txfm1d.c.o
[INFO] [stderr]   [ 47%] Building C object CMakeFiles/aom_av1_common.dir/av1/common/mvref_common.c.o
[INFO] [stderr]   [ 47%] Building C object CMakeFiles/aom_dsp_common_avx2_intrinsics.dir/aom_dsp/x86/blend_a64_mask_avx2.c.o
[INFO] [stderr]   [ 48%] Building C object CMakeFiles/aom_av1_encoder.dir/av1/encoder/av1_fwd_txfm2d.c.o
[INFO] [stderr]   [ 48%] Building C object CMakeFiles/aom_av1_common.dir/av1/common/obu_util.c.o
[INFO] [stderr]   [ 48%] Building C object CMakeFiles/aom_av1_common.dir/av1/common/odintrin.c.o
[INFO] [stderr]   [ 48%] Building C object CMakeFiles/aom_av1_common.dir/av1/common/reconinter.c.o
[INFO] [stderr]   [ 49%] Building C object CMakeFiles/aom_av1_common.dir/av1/common/pred_common.c.o
[INFO] [stderr]   [ 49%] Building C object CMakeFiles/aom_av1_common.dir/av1/common/quant_common.c.o
[INFO] [stderr]   [ 49%] Building C object CMakeFiles/aom_av1_decoder.dir/av1/decoder/decodetxb.c.o
[INFO] [stderr]   [ 50%] Building C object CMakeFiles/aom_av1_decoder.dir/av1/decoder/detokenize.c.o
[INFO] [stderr]   [ 51%] Building C object CMakeFiles/aom_dsp_common_avx2_intrinsics.dir/aom_dsp/x86/avg_intrin_avx2.c.o
[INFO] [stderr]   [ 51%] Building C object CMakeFiles/aom_av1_common_sse4_intrinsics.dir/av1/common/x86/highbd_warp_plane_sse4.c.o
[INFO] [stderr]   [ 52%] Building C object CMakeFiles/aom_av1_common_sse4_intrinsics.dir/av1/common/x86/intra_edge_sse4.c.o
[INFO] [stderr]   [ 53%] Building C object CMakeFiles/aom_av1_common.dir/av1/common/reconintra.c.o
[INFO] [stderr]   [ 53%] Building C object CMakeFiles/aom_dsp_encoder.dir/aom_dsp/variance.c.o
[INFO] [stderr]   [ 53%] Building C object CMakeFiles/aom_av1_common_sse4_intrinsics.dir/av1/common/x86/reconinter_sse4.c.o
[INFO] [stderr]   [ 53%] Building C object CMakeFiles/aom_av1_decoder.dir/av1/decoder/obu.c.o
[INFO] [stderr]   [ 53%] Built target aom_dsp_common_sse2_intrinsics
[INFO] [stderr]   [ 53%] Building C object CMakeFiles/aom_av1_common_sse4_intrinsics.dir/av1/common/x86/selfguided_sse4.c.o
[INFO] [stderr]   [ 53%] Building C object CMakeFiles/aom_av1_common.dir/av1/common/restoration.c.o
[INFO] [stderr]   [ 53%] Building C object CMakeFiles/aom_av1_common.dir/av1/common/resize.c.o
[INFO] [stderr]   [ 54%] Building C object CMakeFiles/aom_av1_common_avx2_intrinsics.dir/av1/common/x86/convolve_2d_avx2.c.o
[INFO] [stderr]   [ 55%] Building C object CMakeFiles/aom_av1_common_sse4_intrinsics.dir/av1/common/x86/warp_plane_sse4.c.o
[INFO] [stderr]   [ 55%] Building C object CMakeFiles/aom_av1_common.dir/av1/common/scale.c.o
[INFO] [stderr]   [ 55%] Building C object CMakeFiles/aom_av1_common_avx2_intrinsics.dir/av1/common/x86/convolve_avx2.c.o
[INFO] [stderr]   [ 55%] Building C object CMakeFiles/aom_av1_common_avx2_intrinsics.dir/av1/common/x86/highbd_convolve_2d_avx2.c.o
[INFO] [stderr]   [ 55%] Building C object CMakeFiles/aom_av1_common_avx2_intrinsics.dir/av1/common/x86/highbd_inv_txfm_avx2.c.o
[INFO] [stderr]   [ 56%] Building C object CMakeFiles/aom_av1_common_avx2_intrinsics.dir/av1/common/x86/highbd_jnt_convolve_avx2.c.o
[INFO] [stderr]   [ 57%] Building C object CMakeFiles/aom_av1_common.dir/av1/common/scan.c.o
[INFO] [stderr]   [ 57%] Building C object CMakeFiles/aom_av1_common.dir/av1/common/seg_common.c.o
[INFO] [stderr]   [ 57%] Building C object CMakeFiles/aom_av1_common_avx2_intrinsics.dir/av1/common/x86/highbd_wiener_convolve_avx2.c.o
[INFO] [stderr]   [ 57%] Building C object CMakeFiles/aom_av1_common_avx2_intrinsics.dir/av1/common/x86/highbd_warp_affine_avx2.c.o
[INFO] [stderr]   [ 57%] Building C object CMakeFiles/aom_av1_common.dir/av1/common/thread_common.c.o
[INFO] [stderr]   [ 58%] Building C object CMakeFiles/aom_av1_common.dir/av1/common/tile_common.c.o
[INFO] [stderr]   [ 59%] Building C object CMakeFiles/aom_av1_common_avx2_intrinsics.dir/av1/common/x86/jnt_convolve_avx2.c.o
[INFO] [stderr]   [ 59%] Built target aom_av1_encoder_sse4_intrinsics
[INFO] [stderr]   [ 59%] Building C object CMakeFiles/aom_av1_encoder.dir/av1/encoder/av1_quantize.c.o
[INFO] [stderr]   [ 59%] Building C object CMakeFiles/aom_av1_common.dir/av1/common/timing.c.o
[INFO] [stderr]   [ 59%] Building C object CMakeFiles/aom_av1_encoder.dir/av1/encoder/bitstream.c.o
[INFO] [stderr]   [ 59%] Building C object CMakeFiles/aom_av1_common_avx2_intrinsics.dir/av1/common/x86/reconinter_avx2.c.o
[INFO] [stderr]   [ 59%] Building C object CMakeFiles/aom_av1_common.dir/av1/common/txb_common.c.o
[INFO] [stderr]   [ 59%] Building C object CMakeFiles/aom_av1_common_avx2_intrinsics.dir/av1/common/x86/selfguided_avx2.c.o
[INFO] [stderr]   [ 59%] Building C object CMakeFiles/aom_av1_encoder.dir/av1/encoder/cnn.c.o
[INFO] [stderr]   [ 59%] Building C object CMakeFiles/aom_av1_common.dir/av1/common/warped_motion.c.o
[INFO] [stderr]   [ 60%] Building C object CMakeFiles/aom_av1_common_avx2_intrinsics.dir/av1/common/x86/wiener_convolve_avx2.c.o
[INFO] [stderr]   [ 60%] Building C object CMakeFiles/aom_av1_common_avx2_intrinsics.dir/av1/common/x86/warp_plane_avx2.c.o
[INFO] [stderr]   [ 61%] Building C object CMakeFiles/aom_av1_encoder.dir/av1/encoder/compound_type.c.o
[INFO] [stderr]   [ 61%] Building C object CMakeFiles/aom_av1_encoder.dir/av1/encoder/corner_detect.c.o
[INFO] [stderr]   [ 61%] Building C object CMakeFiles/aom_av1_encoder.dir/av1/encoder/context_tree.c.o
[INFO] [stderr]   [ 62%] Building C object CMakeFiles/aom_av1_encoder.dir/av1/encoder/corner_match.c.o
[INFO] [stderr]   [ 62%] Building C object CMakeFiles/aom_av1_encoder.dir/av1/encoder/cost.c.o
[INFO] [stderr]   [ 62%] Building C object CMakeFiles/aom_av1_encoder.dir/av1/encoder/encodeframe_utils.c.o
[INFO] [stderr]   [ 62%] Building C object CMakeFiles/aom_av1_encoder.dir/av1/encoder/encodeframe.c.o
[INFO] [stderr]   [ 62%] Building C object CMakeFiles/aom_av1_encoder.dir/av1/encoder/encodemv.c.o
[INFO] [stderr]   [ 63%] Building C object CMakeFiles/aom_av1_encoder.dir/av1/encoder/encodemb.c.o
[INFO] [stderr]   [ 63%] Building C object CMakeFiles/aom_av1_encoder.dir/av1/encoder/encode_strategy.c.o
[INFO] [stderr]   [ 64%] Building C object CMakeFiles/aom_av1_encoder.dir/av1/encoder/encoder.c.o
[INFO] [stderr]   [ 64%] Building C object CMakeFiles/aom_av1_encoder.dir/av1/encoder/encoder_utils.c.o
[INFO] [stderr]   [ 64%] Building C object CMakeFiles/aom_av1_encoder.dir/av1/encoder/encodetxb.c.o
[INFO] [stderr]   [ 64%] Building C object CMakeFiles/aom_av1_encoder.dir/av1/encoder/ethread.c.o
[INFO] [stderr]   [ 65%] Building C object CMakeFiles/aom_av1_encoder.dir/av1/encoder/extend.c.o
[INFO] [stderr]   [ 65%] Building C object CMakeFiles/aom_av1_encoder.dir/av1/encoder/firstpass.c.o
[INFO] [stderr]   [ 65%] Building C object CMakeFiles/aom_av1_encoder.dir/av1/encoder/global_motion.c.o
[INFO] [stderr]   [ 66%] Building C object CMakeFiles/aom_av1_encoder.dir/av1/encoder/global_motion_facade.c.o
[INFO] [stderr]   [ 66%] Building C object CMakeFiles/aom_av1_encoder.dir/av1/encoder/hash.c.o
[INFO] [stderr]   [ 66%] Building C object CMakeFiles/aom_av1_encoder.dir/av1/encoder/gop_structure.c.o
[INFO] [stderr]   [ 66%] Building C object CMakeFiles/aom_av1_encoder.dir/av1/encoder/hash_motion.c.o
[INFO] [stderr]   [ 67%] Building C object CMakeFiles/aom_av1_encoder.dir/av1/encoder/hybrid_fwd_txfm.c.o
[INFO] [stderr]   [ 67%] Building C object CMakeFiles/aom_av1_encoder.dir/av1/encoder/interp_search.c.o
[INFO] [stderr]   [ 67%] Building C object CMakeFiles/aom_av1_encoder.dir/av1/encoder/level.c.o
[INFO] [stderr]   [ 67%] Building C object CMakeFiles/aom_av1_encoder.dir/av1/encoder/mcomp.c.o
[INFO] [stderr]   [ 68%] Building C object CMakeFiles/aom_av1_encoder.dir/av1/encoder/lookahead.c.o
[INFO] [stderr]   [ 68%] Building C object CMakeFiles/aom_av1_encoder.dir/av1/encoder/ml.c.o
[INFO] [stderr]   [ 68%] Building C object CMakeFiles/aom_av1_encoder.dir/av1/encoder/motion_search_facade.c.o
[INFO] [stderr]   [ 69%] Building C object CMakeFiles/aom_av1_encoder.dir/av1/encoder/mv_prec.c.o
[INFO] [stderr]   [ 69%] Building C object CMakeFiles/aom_av1_encoder.dir/av1/encoder/palette.c.o
[INFO] [stderr]   [ 69%] Building C object CMakeFiles/aom_av1_encoder.dir/av1/encoder/partition_search.c.o
[INFO] [stderr]   [ 70%] Building C object CMakeFiles/aom_av1_encoder.dir/av1/encoder/partition_strategy.c.o
[INFO] [stderr]   [ 70%] Building C object CMakeFiles/aom_av1_encoder.dir/av1/encoder/pass2_strategy.c.o
[INFO] [stderr]   [ 70%] Building C object CMakeFiles/aom_av1_encoder.dir/av1/encoder/pickcdef.c.o
[INFO] [stderr]   [ 70%] Building C object CMakeFiles/aom_av1_encoder.dir/av1/encoder/picklpf.c.o
[INFO] [stderr]   [ 71%] Building C object CMakeFiles/aom_av1_encoder.dir/av1/encoder/pickrst.c.o
[INFO] [stderr]   [ 71%] Building C object CMakeFiles/aom_av1_encoder.dir/av1/encoder/ransac.c.o
[INFO] [stderr]   [ 71%] Building C object CMakeFiles/aom_av1_encoder.dir/av1/encoder/ratectrl.c.o
[INFO] [stderr]   [ 72%] Building C object CMakeFiles/aom_av1_encoder.dir/av1/encoder/rd.c.o
[INFO] [stderr]   [ 72%] Building C object CMakeFiles/aom_av1_encoder.dir/av1/encoder/rdopt.c.o
[INFO] [stderr]   [ 72%] Building C object CMakeFiles/aom_av1_encoder.dir/av1/encoder/nonrd_pickmode.c.o
[INFO] [stderr]   [ 72%] Built target aom_av1_common
[INFO] [stderr]   [ 72%] Building C object CMakeFiles/aom_av1_encoder.dir/av1/encoder/reconinter_enc.c.o
[INFO] [stderr]   [ 73%] Building C object CMakeFiles/aom_av1_encoder.dir/av1/encoder/segmentation.c.o
[INFO] [stderr]   [ 73%] Building C object CMakeFiles/aom_av1_encoder.dir/av1/encoder/speed_features.c.o
[INFO] [stderr]   [ 73%] Building C object CMakeFiles/aom_av1_encoder.dir/av1/encoder/superres_scale.c.o
[INFO] [stderr]   [ 74%] Building C object CMakeFiles/aom_av1_encoder.dir/av1/encoder/svc_layercontext.c.o
[INFO] [stderr]   [ 74%] Building C object CMakeFiles/aom_av1_encoder.dir/av1/encoder/temporal_filter.c.o
[INFO] [stderr]   [ 74%] Building C object CMakeFiles/aom_av1_encoder.dir/av1/encoder/tokenize.c.o
[INFO] [stderr]   [ 75%] Building C object CMakeFiles/aom_av1_encoder.dir/av1/encoder/tpl_model.c.o
[INFO] [stderr]   [ 75%] Building C object CMakeFiles/aom_av1_encoder.dir/av1/encoder/tx_search.c.o
[INFO] [stderr]   [ 75%] Building C object CMakeFiles/aom_av1_encoder.dir/av1/encoder/txb_rdopt.c.o
[INFO] [stderr]   [ 75%] Building C object CMakeFiles/aom_av1_encoder.dir/av1/encoder/intra_mode_search.c.o
[INFO] [stderr]   [ 76%] Building C object CMakeFiles/aom_av1_encoder.dir/av1/encoder/wedge_utils.c.o
[INFO] [stderr]   [ 76%] Building C object CMakeFiles/aom_av1_encoder.dir/av1/encoder/var_based_part.c.o
[INFO] [stderr]   [ 76%] Building C object CMakeFiles/aom_av1_encoder.dir/av1/encoder/av1_noise_estimate.c.o
[INFO] [stderr]   [ 77%] Building C object CMakeFiles/aom_av1_encoder.dir/third_party/fastfeat/fast.c.o
[INFO] [stderr]   [ 77%] Building C object CMakeFiles/aom_av1_encoder.dir/third_party/fastfeat/fast_9.c.o
[INFO] [stderr]   [ 77%] Building C object CMakeFiles/aom_av1_encoder.dir/third_party/fastfeat/nonmax.c.o
[INFO] [stderr]   [ 77%] Building C object CMakeFiles/aom_av1_encoder.dir/third_party/vector/vector.c.o
[INFO] [stderr]   [ 78%] Building C object CMakeFiles/aom_av1_encoder.dir/av1/encoder/dwt.c.o
[INFO] [stderr]   [ 78%] Built target aom_av1_common_avx2_intrinsics
[INFO] [stderr]   [ 78%] Built target aom_dsp_common
[INFO] [stderr]   [ 78%] Built target aom_av1_encoder
[INFO] [stderr]   [ 78%] Built target aom_dsp_encoder
[INFO] [stderr] 
[INFO] [stderr]   --- stderr
[INFO] [stderr]   --- aom_configure: Detected CPU: x86_64
[INFO] [stderr]   Running C compiler test: inline_check_1
[INFO] [stderr]   Running CXX compiler test: inline_check_1
[INFO] [stderr]   Running C compiler test: unistd_check
[INFO] [stderr]   Running CXX compiler test: unistd_check
[INFO] [stderr]   Running C compiler test: fenv_check
[INFO] [stderr]   Checking C compiler flag support for: -std=c99
[INFO] [stderr]   Checking C compiler flag support for: -std=c++11
[INFO] [stderr]   Checking C compiler flag support for: -Wall
[INFO] [stderr]   Checking C++ compiler flag support for: -Wall
[INFO] [stderr]   Checking C compiler flag support for: -Wdisabled-optimization
[INFO] [stderr]   Checking C++ compiler flag support for: -Wdisabled-optimization
[INFO] [stderr]   Checking C compiler flag support for: -Wextra
[INFO] [stderr]   Checking C++ compiler flag support for: -Wextra
[INFO] [stderr]   Checking C compiler flag support for: -Wfloat-conversion
[INFO] [stderr]   Checking C++ compiler flag support for: -Wfloat-conversion
[INFO] [stderr]   Checking C compiler flag support for: -Wimplicit-function-declaration
[INFO] [stderr]   Checking C compiler flag support for: -Wlogical-op
[INFO] [stderr]   Checking C++ compiler flag support for: -Wlogical-op
[INFO] [stderr]   Checking C compiler flag support for: -Wpointer-arith
[INFO] [stderr]   Checking C++ compiler flag support for: -Wpointer-arith
[INFO] [stderr]   Checking C compiler flag support for: -Wshorten-64-to-32
[INFO] [stderr]   Checking C++ compiler flag support for: -Wshorten-64-to-32
[INFO] [stderr]   Checking C compiler flag support for: -Wsign-compare
[INFO] [stderr]   Checking C++ compiler flag support for: -Wsign-compare
[INFO] [stderr]   Checking C compiler flag support for: -Wstring-conversion
[INFO] [stderr]   Checking C++ compiler flag support for: -Wstring-conversion
[INFO] [stderr]   Checking C compiler flag support for: -Wtype-limits
[INFO] [stderr]   Checking C++ compiler flag support for: -Wtype-limits
[INFO] [stderr]   Checking C compiler flag support for: -Wuninitialized
[INFO] [stderr]   Checking C++ compiler flag support for: -Wuninitialized
[INFO] [stderr]   Checking C compiler flag support for: -Wunused
[INFO] [stderr]   Checking C++ compiler flag support for: -Wunused
[INFO] [stderr]   Checking C compiler flag support for: -Wvla
[INFO] [stderr]   Checking C++ compiler flag support for: -Wvla
[INFO] [stderr]   Checking C compiler flag support for: -Wstack-usage=100000
[INFO] [stderr]   Checking C++ compiler flag support for: -Wstack-usage=240000
[INFO] [stderr]   Checking C compiler flag support for: -Wshadow
[INFO] [stderr]   Checking C compiler flag support for: -Wundef
[INFO] [stderr]   Checking C compiler flag support for: -U_FORTIFY_SOURCE -D_FORTIFY_SOURCE=0
[INFO] [stderr]   Checking C++ compiler flag support for: -U_FORTIFY_SOURCE -D_FORTIFY_SOURCE=0
[INFO] [stderr]   Checking C compiler flag support for: -D_LARGEFILE_SOURCE
[INFO] [stderr]   Checking C++ compiler flag support for: -D_LARGEFILE_SOURCE
[INFO] [stderr]   Checking C compiler flag support for: -D_FILE_OFFSET_BITS=64
[INFO] [stderr]   Checking C++ compiler flag support for: -D_FILE_OFFSET_BITS=64
[INFO] [stderr]   Checking C compiler flag support for: -msse2
[INFO] [stderr]   Checking C compiler flag support for: -msse2
[INFO] [stderr]   Checking C compiler flag support for: -msse3
[INFO] [stderr]   Checking C compiler flag support for: -msse3
[INFO] [stderr]   Checking C compiler flag support for: -mssse3
[INFO] [stderr]   Checking C compiler flag support for: -mssse3
[INFO] [stderr]   Checking C compiler flag support for: -msse4.1
[INFO] [stderr]   Checking C compiler flag support for: -msse4.1
[INFO] [stderr]   Checking C compiler flag support for: -msse4.2
[INFO] [stderr]   Checking C compiler flag support for: -msse4.2
[INFO] [stderr]   Checking C compiler flag support for: -mavx2
[INFO] [stderr]   Checking C compiler flag support for: -mavx2
[INFO] [stderr]   cc: fatal error: Killed signal terminated program cc1
[INFO] [stderr]   compilation terminated.
[INFO] [stderr]   make[2]: *** [CMakeFiles/aom_av1_common_ssse3_intrinsics.dir/build.make:76: CMakeFiles/aom_av1_common_ssse3_intrinsics.dir/av1/common/x86/av1_inv_txfm_ssse3.c.o] Error 1
[INFO] [stderr]   make[1]: *** [CMakeFiles/Makefile2:262: CMakeFiles/aom_av1_common_ssse3_intrinsics.dir/all] Error 2
[INFO] [stderr]   make[1]: *** Waiting for unfinished jobs....
[INFO] [stderr]   cc: fatal error: Killed signal terminated program cc1
[INFO] [stderr]   compilation terminated.
[INFO] [stderr]   make[2]: *** [CMakeFiles/aom_dsp_encoder_avx2_intrinsics.dir/build.make:63: CMakeFiles/aom_dsp_encoder_avx2_intrinsics.dir/aom_dsp/x86/masked_sad_intrin_avx2.c.o] Error 1
[INFO] [stderr]   make[1]: *** [CMakeFiles/Makefile2:857: CMakeFiles/aom_dsp_encoder_avx2_intrinsics.dir/all] Error 2
[INFO] [stderr]   cc: fatal error: Killed signal terminated program cc1
[INFO] [stderr]   compilation terminated.
[INFO] [stderr]   cc: fatal error: Killed signal terminated program cc1
[INFO] [stderr]   compilation terminated.
[INFO] [stderr]   make[2]: *** [CMakeFiles/aom_dsp_encoder_ssse3_intrinsics.dir/build.make:63: CMakeFiles/aom_dsp_encoder_ssse3_intrinsics.dir/aom_dsp/x86/masked_sad_intrin_ssse3.c.o] Error 1
[INFO] [stderr]   make[2]: *** [CMakeFiles/aom_av1_encoder_sse2_intrinsics.dir/build.make:63: CMakeFiles/aom_av1_encoder_sse2_intrinsics.dir/av1/encoder/x86/av1_fwd_txfm_sse2.c.o] Error 1
[INFO] [stderr]   make[2]: *** Waiting for unfinished jobs....
[INFO] [stderr]   make[1]: *** [CMakeFiles/Makefile2:911: CMakeFiles/aom_dsp_encoder_ssse3_intrinsics.dir/all] Error 2
[INFO] [stderr]   make[1]: *** [CMakeFiles/Makefile2:316: CMakeFiles/aom_av1_encoder_sse2_intrinsics.dir/all] Error 2
[INFO] [stderr]   cc: fatal error: Killed signal terminated program cc1
[INFO] [stderr]   compilation terminated.
[INFO] [stderr]   make[2]: *** [CMakeFiles/aom_av1_encoder_avx2_intrinsics.dir/build.make:128: CMakeFiles/aom_av1_encoder_avx2_intrinsics.dir/av1/encoder/x86/av1_fwd_txfm2d_avx2.c.o] Error 1
[INFO] [stderr]   make[2]: *** Waiting for unfinished jobs....
[INFO] [stderr]   cc: fatal error: Killed signal terminated program cc1
[INFO] [stderr]   cc: fatal error: Killed signal terminated program cc1
[INFO] [stderr]   compilation terminated.
[INFO] [stderr]   compilation terminated.
[INFO] [stderr]   make[2]: *** [CMakeFiles/aom_dsp_encoder_sse4_1_intrinsics.dir/build.make:102: CMakeFiles/aom_dsp_encoder_sse4_1_intrinsics.dir/aom_dsp/x86/obmc_variance_sse4.c.o] Error 1
[INFO] [stderr]   make[1]: *** [CMakeFiles/Makefile2:1127: CMakeFiles/aom_dsp_encoder_sse4_1_intrinsics.dir/all] Error 2
[INFO] [stderr]   make[2]: *** [CMakeFiles/aom_av1_encoder_avx2_intrinsics.dir/build.make:141: CMakeFiles/aom_av1_encoder_avx2_intrinsics.dir/av1/encoder/x86/highbd_fwd_txfm_avx2.c.o] Error 1
[INFO] [stderr]   cc: fatal error: Killed signal terminated program cc1
[INFO] [stderr]   compilation terminated.
[INFO] [stderr]   make[2]: *** [CMakeFiles/aom_dsp_encoder_sse2_intrinsics.dir/build.make:102: CMakeFiles/aom_dsp_encoder_sse2_intrinsics.dir/aom_dsp/x86/highbd_variance_sse2.c.o] Error 1
[INFO] [stderr]   make[1]: *** [CMakeFiles/Makefile2:721: CMakeFiles/aom_dsp_encoder_sse2_intrinsics.dir/all] Error 2
[INFO] [stderr]   cc: fatal error: Killed signal terminated program cc1
[INFO] [stderr]   compilation terminated.
[INFO] [stderr]   make[2]: *** [CMakeFiles/aom_av1_encoder_avx2_intrinsics.dir/build.make:180: CMakeFiles/aom_av1_encoder_avx2_intrinsics.dir/av1/encoder/x86/rdopt_avx2.c.o] Error 1
[INFO] [stderr]   make[1]: *** [CMakeFiles/Makefile2:208: CMakeFiles/aom_av1_encoder_avx2_intrinsics.dir/all] Error 2
[INFO] [stderr]   cc: fatal error: Killed signal terminated program cc1
[INFO] [stderr]   compilation terminated.
[INFO] [stderr]   make[2]: *** [CMakeFiles/aom_dsp_common_avx2_intrinsics.dir/build.make:128: CMakeFiles/aom_dsp_common_avx2_intrinsics.dir/aom_dsp/x86/intrapred_avx2.c.o] Error 1
[INFO] [stderr]   make[1]: *** [CMakeFiles/Makefile2:1154: CMakeFiles/aom_dsp_common_avx2_intrinsics.dir/all] Error 2
[INFO] [stderr]   cc: fatal error: Killed signal terminated program cc1
[INFO] [stderr]   compilation terminated.
[INFO] [stderr]   make[2]: *** [CMakeFiles/aom_av1_common_sse4_intrinsics.dir/build.make:141: CMakeFiles/aom_av1_common_sse4_intrinsics.dir/av1/common/x86/highbd_inv_txfm_sse4.c.o] Error 1
[INFO] [stderr]   make[2]: *** Waiting for unfinished jobs....
[INFO] [stderr]   cc: fatal error: Killed signal terminated program cc1
[INFO] [stderr]   compilation terminated.
[INFO] [stderr]   make[2]: *** [CMakeFiles/aom_av1_decoder.dir/build.make:76: CMakeFiles/aom_av1_decoder.dir/av1/decoder/decodeframe.c.o] Error 1
[INFO] [stderr]   make[2]: *** Waiting for unfinished jobs....
[INFO] [stderr]   make[1]: *** [CMakeFiles/Makefile2:532: CMakeFiles/aom_av1_decoder.dir/all] Error 2
[INFO] [stderr]   make[1]: *** [CMakeFiles/Makefile2:370: CMakeFiles/aom_av1_common_sse4_intrinsics.dir/all] Error 2
[INFO] [stderr]   make: *** [Makefile:130: all] Error 2
[INFO] [stderr]   thread 'main' panicked at '
[INFO] [stderr]   command did not execute successfully, got: exit status: 2
[INFO] [stderr] 
[INFO] [stderr]   build script failed, must exit now', /opt/rustwide/cargo-home/registry/src/github.com-1ecc6299db9ec823/cmake-0.1.45/src/lib.rs:894:5
[INFO] [stderr]   stack backtrace:
[INFO] [stderr]      0:     0x55dfc927d7a0 - std::backtrace_rs::backtrace::libunwind::trace::hdcf4f90f85129e83
[INFO] [stderr]                                  at /rustc/ff34b919075f35a1787659e9c448a34b06bab8de/library/std/src/../../backtrace/src/backtrace/libunwind.rs:90:5
[INFO] [stderr]      1:     0x55dfc927d7a0 - std::backtrace_rs::backtrace::trace_unsynchronized::h2669e30cb82f6732
[INFO] [stderr]                                  at /rustc/ff34b919075f35a1787659e9c448a34b06bab8de/library/std/src/../../backtrace/src/backtrace/mod.rs:66:5
[INFO] [stderr]      2:     0x55dfc927d7a0 - std::sys_common::backtrace::_print_fmt::hfbda19e17f6db318
[INFO] [stderr]                                  at /rustc/ff34b919075f35a1787659e9c448a34b06bab8de/library/std/src/sys_common/backtrace.rs:67:5
[INFO] [stderr]      3:     0x55dfc927d7a0 - <std::sys_common::backtrace::_print::DisplayBacktrace as core::fmt::Display>::fmt::h1a8751bf59281272
[INFO] [stderr]                                  at /rustc/ff34b919075f35a1787659e9c448a34b06bab8de/library/std/src/sys_common/backtrace.rs:46:22
[INFO] [stderr]      4:     0x55dfc929dc2f - core::fmt::write::h7aa6cd0067dca82a
[INFO] [stderr]                                  at /rustc/ff34b919075f35a1787659e9c448a34b06bab8de/library/core/src/fmt/mod.rs:1094:17
[INFO] [stderr]      5:     0x55dfc927a4d5 - std::io::Write::write_fmt::hd7dd3a1df9b6befb
[INFO] [stderr]                                  at /rustc/ff34b919075f35a1787659e9c448a34b06bab8de/library/std/src/io/mod.rs:1584:15
[INFO] [stderr]      6:     0x55dfc927fdeb - std::sys_common::backtrace::_print::h551e9ec8a9fa8106
[INFO] [stderr]                                  at /rustc/ff34b919075f35a1787659e9c448a34b06bab8de/library/std/src/sys_common/backtrace.rs:49:5
[INFO] [stderr]      7:     0x55dfc927fdeb - std::sys_common::backtrace::print::ha4b1c5e95fa040b3
[INFO] [stderr]                                  at /rustc/ff34b919075f35a1787659e9c448a34b06bab8de/library/std/src/sys_common/backtrace.rs:36:9
[INFO] [stderr]      8:     0x55dfc927fdeb - std::panicking::default_hook::{{closure}}::h0b34c9ab7fb9f857
[INFO] [stderr]                                  at /rustc/ff34b919075f35a1787659e9c448a34b06bab8de/library/std/src/panicking.rs:208:50
[INFO] [stderr]      9:     0x55dfc927f8cd - std::panicking::default_hook::h3067e8318decd17a
[INFO] [stderr]                                  at /rustc/ff34b919075f35a1787659e9c448a34b06bab8de/library/std/src/panicking.rs:225:9
[INFO] [stderr]     10:     0x55dfc928039d - std::panicking::rust_panic_with_hook::h81b8facc50f34daa
[INFO] [stderr]                                  at /rustc/ff34b919075f35a1787659e9c448a34b06bab8de/library/std/src/panicking.rs:591:17
[INFO] [stderr]     11:     0x55dfc927ff97 - std::panicking::begin_panic_handler::{{closure}}::ha376ab85d95a000e
[INFO] [stderr]                                  at /rustc/ff34b919075f35a1787659e9c448a34b06bab8de/library/std/src/panicking.rs:497:13
[INFO] [stderr]     12:     0x55dfc927dc5c - std::sys_common::backtrace::__rust_end_short_backtrace::h6795c8afdd1a77e6
[INFO] [stderr]                                  at /rustc/ff34b919075f35a1787659e9c448a34b06bab8de/library/std/src/sys_common/backtrace.rs:141:18
[INFO] [stderr]     13:     0x55dfc927fef9 - rust_begin_unwind
[INFO] [stderr]                                  at /rustc/ff34b919075f35a1787659e9c448a34b06bab8de/library/std/src/panicking.rs:493:5
[INFO] [stderr]     14:     0x55dfc91feb9b - std::panicking::begin_panic_fmt::hf43a0025042538e2
[INFO] [stderr]                                  at /rustc/ff34b919075f35a1787659e9c448a34b06bab8de/library/std/src/panicking.rs:435:5
[INFO] [stderr]     15:     0x55dfc9209883 - cmake::fail::h2ddf44b1720abb19
[INFO] [stderr]                                  at /opt/rustwide/cargo-home/registry/src/github.com-1ecc6299db9ec823/cmake-0.1.45/src/lib.rs:894:5
[INFO] [stderr]     16:     0x55dfc92091e2 - cmake::run::hb7c356f0ec84c091
[INFO] [stderr]                                  at /opt/rustwide/cargo-home/registry/src/github.com-1ecc6299db9ec823/cmake-0.1.45/src/lib.rs:872:9
[INFO] [stderr]     17:     0x55dfc92060db - cmake::Config::build::hd786327d906d1c61
[INFO] [stderr]                                  at /opt/rustwide/cargo-home/registry/src/github.com-1ecc6299db9ec823/cmake-0.1.45/src/lib.rs:778:9
[INFO] [stderr]     18:     0x55dfc920102e - build_script_build::main::hedcf36cd103f5cb8
[INFO] [stderr]                                  at /opt/rustwide/workdir/build.rs:30:15
[INFO] [stderr]     19:     0x55dfc920076b - core::ops::function::FnOnce::call_once::h3d0a5a0a2b7668fe
[INFO] [stderr]                                  at /rustc/ff34b919075f35a1787659e9c448a34b06bab8de/library/core/src/ops/function.rs:227:5
[INFO] [stderr]     20:     0x55dfc9200c6e - std::sys_common::backtrace::__rust_begin_short_backtrace::h0f24ced9fa80ac79
[INFO] [stderr]                                  at /rustc/ff34b919075f35a1787659e9c448a34b06bab8de/library/std/src/sys_common/backtrace.rs:125:18
[INFO] [stderr]     21:     0x55dfc91ffca1 - std::rt::lang_start::{{closure}}::h97776f345ab1b2e1
[INFO] [stderr]                                  at /rustc/ff34b919075f35a1787659e9c448a34b06bab8de/library/std/src/rt.rs:49:18
[INFO] [stderr]     22:     0x55dfc928079a - core::ops::function::impls::<impl core::ops::function::FnOnce<A> for &F>::call_once::h3b8c329143d7638a
[INFO] [stderr]                                  at /rustc/ff34b919075f35a1787659e9c448a34b06bab8de/library/core/src/ops/function.rs:259:13
[INFO] [stderr]     23:     0x55dfc928079a - std::panicking::try::do_call::h4b72c261b4eefc1b
[INFO] [stderr]                                  at /rustc/ff34b919075f35a1787659e9c448a34b06bab8de/library/std/src/panicking.rs:379:40
[INFO] [stderr]     24:     0x55dfc928079a - std::panicking::try::h703d31b7896cbd49
[INFO] [stderr]                                  at /rustc/ff34b919075f35a1787659e9c448a34b06bab8de/library/std/src/panicking.rs:343:19
[INFO] [stderr]     25:     0x55dfc928079a - std::panic::catch_unwind::h37cad9b35388a915
[INFO] [stderr]                                  at /rustc/ff34b919075f35a1787659e9c448a34b06bab8de/library/std/src/panic.rs:431:14
[INFO] [stderr]     26:     0x55dfc928079a - std::rt::lang_start_internal::hab5a8a909af4f90e
[INFO] [stderr]                                  at /rustc/ff34b919075f35a1787659e9c448a34b06bab8de/library/std/src/rt.rs:34:21
[INFO] [stderr]     27:     0x55dfc91ffc80 - std::rt::lang_start::h695eb06c95ada417
[INFO] [stderr]                                  at /rustc/ff34b919075f35a1787659e9c448a34b06bab8de/library/std/src/rt.rs:48:5
[INFO] [stderr]     28:     0x55dfc9201b5c - main
[INFO] [stderr]     29:     0x7f0caed9e0b3 - __libc_start_main
[INFO] [stderr]     30:     0x55dfc91ff9ce - _start
[INFO] [stderr]     31:                0x0 - <unknown>
[INFO] running `Command { std: "docker" "inspect" "de9414e6a953c40f882d63f02a61982bc4c5296f4b0c758bedd2346f44df56ac", kill_on_drop: false }`
[INFO] running `Command { std: "docker" "rm" "-f" "de9414e6a953c40f882d63f02a61982bc4c5296f4b0c758bedd2346f44df56ac", kill_on_drop: false }`
[INFO] [stdout] de9414e6a953c40f882d63f02a61982bc4c5296f4b0c758bedd2346f44df56ac
